n millions digit of 6939083427?
3
What is the hundred thousands digit of 1095203265?
2
What is the units digit of 365214674?
4
What is the millions digit of 1191520414?
1
What is the ten thousands digit of 913789388?
8
What is the units digit of 219923816?
6
What is the hundred thousands digit of 290213865?
2
What is the tens digit of 12114555?
5
What is the thousands digit of 60453289?
3
What is the millions digit of 389339513?
9
What is the ten millions digit of 1616879383?
1
What is the ten thousands digit of 30720830?
2
What is the ten millions digit of 394573655?
9
What is the hundred millions digit of 910113998?
9
What is the ten millions digit of 719459950?
1
What is the hundreds digit of 506710772?
7
What is the hundred millions digit of 1207122499?
2
What is the ten millions digit of 239275780?
3
What is the hundred thousands digit of 3829312482?
3
What is the hundreds digit of 459194792?
7
What is the ten millions digit of 25219742?
2
What is the hundred thousands digit of 355305775?
3
What is the tens digit of 233243702?
0
What is the tens digit of 43159799?
9
What is the ten millions digit of 1326712710?
2
What is the tens digit of 54095130?
3
What is the thousands digit of 1778818?
8
What is the ten thousands digit of 86951918?
5
What is the thousands digit of 63612431?
2
What is the units digit of 643459402?
2
What is the units digit of 87600615?
5
What is the ten millions digit of 6398483328?
9
What is the hundred millions digit of 2184343528?
1
What is the units digit of 76967584?
4
What is the ten millions digit of 161506087?
6
What is the ten millions digit of 29981492?
2
What is the thousands digit of 88158138?
8
What is the tens digit of 3065226?
2
What is the units digit of 14649404?
4
What is the thousands digit of 184359913?
9
What is the hundred thousands digit of 2170002686?
0
What is the ten millions digit of 47741953?
4
What is the ten millions digit of 1666439369?
6
What is the tens digit of 1215297107?
0
What is the hundred millions digit of 294707480?
2
What is the hundred millions digit of 3287883741?
2
What is the hundred thousands digit of 2814588582?
5
What is the hundred thousands digit of 207968874?
9
What is the units digit of 878845922?
2
What is the millions digit of 547482275?
7
What is the hundreds digit of 2287477400?
4
What is the units digit of 98448330?
0
What is the ten millions digit of 48902419?
4
What is the thousands digit of 1952757920?
7
What is the hundred thousands digit of 33938367?
9
What is the thousands digit of 157634317?
4
What is the hundreds digit of 4452860590?
5
What is the thousands digit of 313475422?
5
What is the ten thousands digit of 15520432?
2
What is the millions digit of 95371820?
5
What is the thousands digit of 80122973?
2
What is the tens digit of 420779789?
8
What is the ten millions digit of 667687681?
6
What is the billions digit of 5458911769?
5
What is the units digit of 269824142?
2
What is the hundred thousands digit of 107500176?
5
What is the hundred thousands digit of 80265872?
2
What is the billions digit of 3506804083?
3
What is the ten thousands digit of 283964575?
6
What is the ten millions digit of 261599790?
6
What is the ten thousands digit of 414746435?
4
What is the ten millions digit of 26431308?
2
What is the thousands digit of 12254991?
4
What is the ten thousands digit of 542345670?
4
What is the tens digit of 924077117?
1
What is the thousands digit of 571039244?
9
What is the ten millions digit of 92446588?
9
What is the hundred thousands digit of 2847078690?
0
What is the hundred thousands digit of 53850211?
8
What is the ten millions digit of 87562372?
8
What is the thousands digit of 751707876?
7
What is the tens digit of 1227126717?
1
What is the ten thousands digit of 73846949?
4
What is the hundred millions digit of 406689267?
4
What is the ten millions digit of 30448139?
3
What is the millions digit of 452421122?
2
What is the units digit of 104135913?
3
What is the hundreds digit of 270669314?
3
What is the thousands digit of 721126611?
6
What is the thousands digit of 55909887?
9
What is the tens digit of 20575283?
8
What is the hundred millions digit of 3866784464?
8
What is the ten millions digit of 2364089751?
6
What is the units digit of 2219152499?
9
What is the thousands digit of 9725674?
5
What is the units digit of 328514395?
5
What is the tens digit of 5974755462?
6
What is the units digit of 114812221?
1
What is the hundred thousands digit of 250680961?
6
What is the hundred thousands digit of 191733290?
7
What is the hundred thousands digit of 28180550?
1
What is the hundreds digit of 27471086?
0
What is the ten thousands digit of 279646650?
4
What is the units digit of 299060685?
5
What is the hundreds digit of 323059641?
6
What is the units digit of 123383839?
9
What is the millions digit of 232752500?
2
What is the ten millions digit of 159206121?
5
What is the thousands digit of 28544727?
4
What is the hundred thousands digit of 38204722?
2
What is the ten millions digit of 1766324295?
6
What is the millions digit of 8118359?
8
What is the tens digit of 44559718?
1
What is the hundred millions digit of 999921885?
9
What is the units digit of 284734796?
6
What is the hundred thousands digit of 76149243?
1
What is the hundred millions digit of 119620132?
1
What is the hundred thousands digit of 15846672?
8
What is the hundred millions digit of 361056915?
3
What is the hundred thousands digit of 76711850?
7
What is the units digit of 684288517?
7
What is the thousands digit of 3931621700?
1
What is the hundreds digit of 582621701?
7
What is the ten thousands digit of 2690130525?
3
What is the hundreds digit of 3513641987?
9
What is the tens digit of 103313532?
3
What is the thousands digit of 12656148?
6
What is the millions digit of 234758879?
4
What is the hundred millions digit of 1945198465?
9
What is the thousands digit of 2901300?
1
What is the hundreds digit of 80067777?
7
What is the hundreds digit of 581514513?
5
What is the ten thousands digit of 169538864?
3
What is the tens digit of 92507328?
2
What is the ten thousands digit of 484208060?
0
What is the thousands digit of 75247985?
7
What is the thousands digit of 222088287?
8
What is the ten thousands digit of 201690050?
9
What is the hundred thousands digit of 42998181?
9
What is the units digit of 1667996217?
7
What is the thousands digit of 7467230?
7
What is the tens digit of 50131753?
5
What is the hundreds digit of 2846145348?
3
What is the millions digit of 38188650?
8
What is the thousands digit of 24838214?
8
What is the thousands digit of 807001939?
1
What is the ten millions digit of 31312699?
3
What is the thousands digit of 82479206?
9
What is the units digit of 1570166956?
6
What is the millions digit of 91203271?
1
What is the hundred millions digit of 706115104?
7
What is the hundred thousands digit of 20054456?
0
What is the ten thousands digit of 2339202213?
0
What is the billions digit of 1155024730?
1
What is the hundreds digit of 102545079?
0
What is the ten thousands digit of 266583410?
8
What is the ten thousands digit of 59549374?
4
What is the hundred millions digit of 4541064719?
5
What is the ten millions digit of 162599199?
6
What is the hundreds digit of 805743756?
7
What is the ten thousands digit of 13674278?
7
What is the thousands digit of 146628307?
8
What is the millions digit of 3193429903?
3
What is the ten millions digit of 67260954?
6
What is the hundreds digit of 636873688?
6
What is the ten thousands digit of 222770835?
7
What is the ten thousands digit of 515610978?
1
What is the thousands digit of 270819704?
9
What is the hundred millions digit of 727892085?
7
What is the ten millions digit of 33021564?
3
What is the units digit of 165003350?
0
What is the thousands digit of 344249080?
9
What is the billions digit of 4460053651?
4
What is the ten thousands digit of 143731220?
3
What is the millions digit of 473370531?
3
What is the hundred thousands digit of 43527032?
5
What is the ten millions digit of 691855400?
9
What is the billions digit of 3781451080?
3
What is the hundred millions digit of 105064781?
1
What is the tens digit of 24655731?
3
What is the hundred millions digit of 112169692?
1
What is the ten 